he remainder when 1498401 is divided by 442.
21
Calculate the remainder when 2651265 is divided by 3339.
99
What is the remainder when 133451782 is divided by 1868?
1862
What is the remainder when 2486084 is divided by 893?
865
Calculate the remainder when 863937 is divided by 8.
1
Calculate the remainder when 742433 is divided by 1252.
1249
Calculate the remainder when 3132 is divided by 3111.
21
What is the remainder when 10652757 is divided by 683?
6
Calculate the remainder when 36741 is divided by 594.
507
What is the remainder when 7075987 is divided by 313?
309
What is the remainder when 3995168 is divided by 306?
32
Calculate the remainder when 41142 is divided by 1180.
1022
Calculate the remainder when 218918391 is divided by 1319.
4
What is the remainder when 384866 is divided by 64143?
8
What is the remainder when 292341 is divided by 97136?
933
What is the remainder when 74261 is divided by 66?
11
Calculate the remainder when 1778916 is divided by 104641.
19
Calculate the remainder when 92300819 is divided by 8390983.
6
Calculate the remainder when 2619401 is divided by 15.
11
What is the remainder when 126509 is divided by 42139?
92
What is the remainder when 42882 is divided by 8561?
77
Calculate the remainder when 158864 is divided by 158698.
166
What is the remainder when 379174 is divided by 133?
124
What is the remainder when 32537560 is divided by 1478980?
0
Calculate the remainder when 1158 is divided by 180.
78
What is the remainder when 1345235 is divided by 79?
23
Calculate the remainder when 127514 is divided by 866.
212
Calculate the remainder when 455427 is divided by 1153.
1145
Calculate the remainder when 3944245 is divided by 29001.
109
What is the remainder when 11462272 is divided by 1533?
31
Calculate the remainder when 14757106 is divided by 390.
286
Calculate the remainder when 5089760 is divided by 71.
54
What is the remainder when 2742983 is divided by 914323?
14
Calculate the remainder when 14393478 is divided by 7477.
253
What is the remainder when 117746 is divided by 117732?
14
Calculate the remainder when 123672806 is divided by 41.
37
What is the remainder when 2978105 is divided by 207?
203
What is the remainder when 8359902 is divided by 1393306?
66
Calculate the remainder when 1582022 is divided by 316395.
47
Calculate the remainder when 53526527 is divided by 26763255.
17
What is the remainder when 141204997 is divided by 500?
497
What is the remainder when 259612 is divided by 92?
80
What is the remainder when 347073 is divided by 5984?
1
Calculate the remainder when 17671132 is divided by 39.
37
What is the remainder when 1123576 is divided by 947?
434
Calculate the remainder when 968190 is divided by 68726.
6026
Calculate the remainder when 21312873 is divided by 1937525.
98
Calculate the remainder when 2115342 is divided by 1695.
1677
Calculate the remainder when 11872522 is divided by 96.
10
Calculate the remainder when 17397353 is divided by 347947.
3
What is the remainder when 9058719 is divided by 36824?
15
What is the remainder when 28833 is divided by 108?
105
Calculate the remainder when 23903 is divided by 258.
167
What is the remainder when 1268433 is divided by 9609?
45
Calculate the remainder when 2369485 is divided by 202.
25
What is the remainder when 21925111 is divided by 12?
7
What is the remainder when 19138 is divided by 184?
2
Calculate the remainder when 66923842 is divided by 81.
22
Calculate the remainder when 70236 is divided by 8768.
92
Calculate the remainder when 3028309 is divided by 331.
321
What is the remainder when 57175 is divided by 56881?
294
Calculate the remainder when 3269341 is divided by 36.
1
What is the remainder when 3822023 is divided by 182001?
2
Calculate the remainder when 1907837 is divided by 98.
71
Calculate the remainder when 530991 is divided by 176760.
711
What is the remainder when 729811 is divided by 34746?
145
Calculate the remainder when 170239104 is divided by 89.
82
What is the remainder when 8478053 is divided by 112?
101
What is the remainder when 6317670 is divided by 55?
40
Calculate the remainder when 359463 is divided by 2837.
2001
Calculate the remainder when 494704 is divided by 32979.
19
Calculate the remainder when 50985097 is divided by 321.
25
What is the remainder when 5966432 is divided by 8813?
31
What is the remainder when 12518862 is divided by 1629?
1626
What is the remainder when 294938 is divided by 98293?
59
What is the remainder when 16311118 is divided by 98?
96
Calculate the remainder when 324851 is divided by 81205.
31
What is the remainder when 7248 is divided by 6065?
1183
What is the remainder when 5071320 is divided by 2535612?
96
What is the remainder when 237156 is divided by 4390?
96
What is the remainder when 36039 is divided by 313?
44
Calculate the remainder when 11863834 is divided by 18.
16
What is the remainder when 274961 is divided by 283?
168
Calculate the remainder when 61935 is divided by 2811.
93
Calculate the remainder when 2777 is divided by 1933.
844
What is the remainder when 712749 is divided by 233?
2
Calculate the remainder when 649423 is divided by 43287.
118
What is the remainder when 33400203 is divided by 388?
387
Calculate the remainder when 2430263 is divided by 439.
398
Calculate the remainder when 88432068 is divided by 25.
18
What is the remainder when 27212062 is divided by 352?
350
Calculate the remainder when 264125 is divided by 1370.
1085
What is the remainder when 667728 is divided by 4414?
1214
Calculate the remainder when 1830291 is divided by 23.
20
Calculate the remainder when 10408262 is divided by 2081651.
7
Calculate the remainder when 1189549 is divided by 345.
334
Calculate the remainder when 35208964 is divided by 16530.
64
Calculate the remainder when 1140923077 is divided by 55.
52
Calculate the remainder when 25991983 is divided by 1485.
28
What is the remainder when 39927 is divided by 13114?
585
What is the remainder when 4006726 is divided by 1001680?
6
What is the remainder when 872538 is divided by 55?
18
What is the remainder when 54614 is divided by 3832?
966
What is the remainder when 5753742 is divided by 719217?
6
Calculate the remainder when 45810993 is divided by 84.
81
Calculate the remainder when 67002 is divided by 32966.
1070
Calculate the remainder when 172930 is divided by 57580.
190
Calculate the remainder when 287873 is divided by 3307.
164
Calculate the remainder when 8941983 is divided by 185.
8
What is the remainder when 1682941 is divided by 2791?
2759
What is the remainder when 124616792 is divided by 2720?
2712
Calculate the remainder when 17161 is divided by 3397.
176
Calculate the remainder when 70869820 is divided by 64.
60
Calculate the remainder when 3420644 is divided by 1676.
1604
Calculate the remainder when 8114864 is divided by 33.
32
Calculate the remainder when 154594499 is divided by 75.
74
Calculate the remainder when 18627162 is divided by 175.
162
Calculate the remainder when 225175415 is divided by 25019489.
14
What is the remainder when 2115628 is divided by 318?
292
What is the remainder when 3206996 is divided by 556?
544
Calculate the remainder when 4325682 is divided by 574.
18
What is the remainder when 104294 is divided by 24681?
5570
Calculate the remainder when 26208495 is divided by 2998.
2977
Calculate the remainder when 62429 is divided by 983.
500
What is the remainder when 13775973 is divided by 133747?
32
Calculate the remainder when 8723406 is divided by 21.
6
What is the remainder when 9598525 is divided by 30?
25
What is the remainder when 62240859 is divided by 84?
51
Calculate the remainder when 14222271 is divided by 5.
1
Calculate the remainder when 3477929 is divided by 5026.
4963
What is the remainder when 4087126 is divided by 817425?
1
Calculate the remainder when 44003934 is divided by 22.
18
What is the remainder when 285792 is divided by 28486?
932
Calculate the remainder when 1901258 is divided by 24.
2
Calculate the remainder when 68006 is divided by 2290.
1596
Calculate the remainder when 88992 is divided by 44440.
112
What is the remainder when 1336700 is divided by 128?
124
What is the remainder when 4730949 is divided by 1040?
1029
What is the remainder when 1520811 is divided b